What are the prime factors of 67247260?
2, 5, 3362363
What are the prime factors of 612906981?
3, 2281, 89567
List the prime factors of 169018014.
2, 3, 11, 31, 82609
What are the prime factors of 26316331?
26316331
List the prime factors of 1304429182.
2, 7, 71, 1312303
List the prime factors of 341401535.
5, 23, 2968709
List the prime factors of 1026567374.
2, 7, 263, 278807
List the prime factors of 15763372.
2, 23, 171341
List the prime factors of 59606014.
2, 13, 67, 34217
List the prime factors of 1456833171.
3, 61, 7960837
List the prime factors of 278256857.
278256857
What are the prime factors of 2195511985?
5, 439102397
What are the prime factors of 79714718?
2, 257, 155087
What are the prime factors of 1168978014?
2, 3, 61, 354881
List the prime factors of 113393382.
2, 3, 37, 73, 6997
What are the prime factors of 81978546?
2, 3, 13, 1051007
What are the prime factors of 166545358?
2, 7, 11896097
List the prime factors of 27730503.
3, 1093, 2819
What are the prime factors of 173622587?
107, 1622641
List the prime factors of 429612329.
53, 8105893
What are the prime factors of 40332311?
53, 283, 2689
What are the prime factors of 17962893?
3, 13, 153529
What are the prime factors of 86348167?
29, 2977523
List the prime factors of 4774555249.
4774555249
What are the prime factors of 84715854?
2, 3, 23, 613883
List the prime factors of 306538167.
3, 13, 53, 148301
List the prime factors of 427243719.
3, 7, 1237, 16447
List the prime factors of 1946554275.
3, 5, 19, 37, 36919
What are the prime factors of 70703490?
2, 3, 5, 11, 13, 16481
List the prime factors of 34698641.
31, 863, 1297
What are the prime factors of 550978358?
2, 7, 173, 227489
List the prime factors of 900019795.
5, 193, 932663
What are the prime factors of 361451829?
3, 733, 164371
List the prime factors of 87619815.
3, 5, 1947107
List the prime factors of 452168445.
3, 5, 30144563
What are the prime factors of 4657157426?
2, 2328578713
What are the prime factors of 451675940?
2, 5, 22583797
What are the prime factors of 519440664?
2, 3, 21643361
What are the prime factors of 70165589?
13, 109, 293
List the prime factors of 973389280.
2, 5, 43, 141481
What are the prime factors of 1091010809?
7, 155858687
List the prime factors of 202836789.
3, 431, 52291
What are the prime factors of 132575822?
2, 2383, 27817
List the prime factors of 164139123.
3, 139, 167, 2357
What are the prime factors of 637647201?
3, 19, 1242977
What are the prime factors of 126097850?
2, 5, 37, 68161
List the prime factors of 1328950643.
1328950643
What are the prime factors of 484023062?
2, 19, 281, 45329
What are the prime factors of 243739929?
3, 241, 443, 761
What are the prime factors of 220083581?
17, 29, 446417
What are the prime factors of 446614833?
3, 7, 617, 34469
List the prime factors of 1065005426.
2, 17, 53, 167, 3539
List the prime factors of 68340439.
68340439
What are the prime factors of 234376047?
3, 3469, 7507
List the prime factors of 490838201.
7, 70119743
What are the prime factors of 1142981771?
1142981771
List the prime factors of 5819088115.
5, 113, 2687, 3833
List the prime factors of 334103107.
13, 1009, 25471
What are the prime factors of 523222687?
13, 40247899
What are the prime factors of 514033204?
2, 128508301
List the prime factors of 226635707.
257, 727, 1213
List the prime factors of 2387578254.
2, 3, 37, 179, 60083
What are the prime factors of 2128149274?
2, 67, 331, 47981
List the prime factors of 326754195.
3, 5, 17, 1281389
What are the prime factors of 5133928677?
3, 101, 167759
What are the prime factors of 2858162393?
2858162393
What are the prime factors of 142994415?
3, 5, 67, 263, 541
What are the prime factors of 320654063?
23, 1583, 8807
What are the prime factors of 139863757?
11, 12714887
What are the prime factors of 15836904?
2, 3, 157, 467
List the prime factors of 210809944.
2, 26351243
List the prime factors of 97326401.
97326401
What are the prime factors of 5345567389?
12107, 441527
List the prime factors of 476163244.
2, 1009, 117979
What are the prime factors of 2545490413?
53, 353, 136057
What are the prime factors of 573903588?
2, 3, 19, 2517121
What are the prime factors of 654041790?
2, 3, 5, 79, 3407
List the prime factors of 94831387.
7, 31, 437011
What are the prime factors of 997139414?
2, 498569707
List the prime factors of 147439644.
2, 3, 11, 941, 1187
What are the prime factors of 200948649?
3, 11, 269, 22637
List the prime factors of 49996710.
2, 3, 5, 23, 83, 97
What are the prime factors of 306808596?
2, 3, 8522461
What are the prime factors of 446587205?
5, 23, 1423, 2729
What are the prime factors of 442226169?
3, 7, 11, 347, 613
List the prime factors of 956444345.
5, 191288869
List the prime factors of 133125198.
2, 3, 17, 1305149
What are the prime factors of 41850237?
3, 11, 13, 97553
What are the prime factors of 1685339219?
1685339219
What are the prime factors of 164337567?
3, 2161, 25349
What are the prime factors of 75995200?
2, 5, 47497
What are the prime factors of 1213512474?
2, 3, 131, 1543909
What are the prime factors of 92601168?
2, 3, 11, 109, 1609
List the prime factors of 8001989.
79, 199, 509
List the prime factors of 4218859680.
2, 3, 5, 7, 29, 1493
What are the prime factors of 132361783?
43, 67, 45943
What are the prime factors of 166903329?
3, 3691, 15073
List the prime factors of 366591169.
7, 52370167
List the prime factors of 736875579.
3, 11, 22329563
What are the prime factors of 1084339459?
7, 154905637
List the prime factors of 577251510.
2, 3, 5, 11, 1749247
List the prime factors of 533238060.
2, 3, 5, 8887301
What are the prime factors of 6838629?
3, 7, 137, 2377
What are the prime factors of 1126432738?
2, 47, 769, 15583
List the prime factors of 364038721.
364038721
What are the prime factors of 74852243?
74852243
List the prime factors of 113043373.
113043373
What are the prime factors of 1081306993?
13, 139, 598399
What are the prime factors of 137052685?
5, 7, 11, 127, 2803
List the prime factors of 19915477.
19, 193, 5431
List the prime factors of 203569856.
2, 7, 37, 12281
What are the prime factors of 234113965?
5, 113, 414361
List the prime factors of 227190686.
2, 17, 1433, 4663
What are the prime factors of 90800736?
2, 3, 13, 31, 2347
What are the prime factors of 143498076?
2, 3, 751, 15923
What are the prime factors of 63485172?
2, 3, 1763477
List the prime factors of 609542.
2, 304771
List the prime factors of 1027451117.
7, 11, 17, 784913
List the prime factors of 46138713.
3, 23, 668677
List the prime factors of 3731987208.
2, 3, 155499467
What are the prime factors of 316050912?
2, 3, 23, 47713
What are the prime factors of 2436632629?
79, 30843451
What are the prime factors of 6154372?
2, 7, 219799
List the prime factors of 17072535.
3, 5, 59, 101, 191
What are the prime factors of 14736869?
7, 2105267
What are the prime factors of 3262309897?
7, 11, 137, 44179
List the prime factors of 76624404.
2, 3, 683, 9349
What are the prime factors of 6877613125?
5, 1019, 10799
What are the prime factors of 3819961782?
2, 3, 7, 13, 259121
What are the prime factors of 1556231434?
2, 31, 25100507
List the prime factors of 505283782.
2, 3671, 68821
List the prime factors of 26944438.
2, 13472219
List the prime factors of 35218333.
43, 819031
What are the prime factors of 5007357393?
3, 23, 47, 1544051
What are the prime factors of 34162623?
3, 11, 61, 5657
What are the prime factors of 395514596?
2, 98878649
List the prime factors of 2108868047.
11, 13, 1087, 13567
List the prime factors of 316694680.
2, 5, 137, 57791
List the prime factors of 18799863.
3, 6266621
What are the prime factors of 12357961?
7, 11, 19, 8447
List the prime factors of 2557339875.
3, 5, 461, 4931
What are the prime factors of 140743672?
2, 311, 56569
List the prime factors of 328068665.
5, 23, 2852771
List the prime factors of 7048280730.
2, 3, 5, 103, 179, 12743
List the prime factors of 1947709696.
2, 7608241
What are the prime factors of 127945665?
3, 5, 23, 123619
List the prime factors of 187897123.
59, 3184697
List the prime factors of 193230208.
2, 79, 97, 197
What are the prime factors of 6488505?
3, 5, 37, 433
List the prime factors of 158448112.
2, 29, 313, 1091
What are the prime fac